et t(w) = w**3 + 12*w**2 - 8. Give t(-12).
-8
Let m(h) = h**2 + 11*h - 10. Determine m(-12).
2
Let n(v) = -2*v**3 - 44*v**2 + 52*v + 132. Give n(-23).
-6
Let u(q) = 3*q + 25. Calculate u(0).
25
Let u(f) = -14*f - 46. Give u(-4).
10
Let q(a) = a + 21. Give q(-7).
14
Let w(f) = -f**3 + 11*f**2 + 11*f - 5. Determine w(12).
-17
Let v(u) = u**2 + 21*u + 45. What is v(-18)?
-9
Let g(h) = -8*h - 21. Calculate g(-3).
3
Let r(k) = k**3 - 11*k**2 + k + 16. Determine r(11).
27
Let z(u) = u**3 - 10*u**2 + 6*u - 8. Give z(9).
-35
Let v(y) = 17*y + 33. Determine v(-8).
-103
Let k(j) = -13*j**2 - 120*j - 28. What is k(-9)?
-1
Let h(d) = 3*d**2 + 4*d + 5. Determine h(-2).
9
Let d(q) = -9*q - 2. Calculate d(-5).
43
Let c(u) = 47*u**2 - 4*u - 1. What is c(-1)?
50
Let b(i) = 3*i**3 + 11*i**2 - i - 7. Calculate b(-5).
-102
Let j(q) = q**2 + 12*q - 297. What is j(-24)?
-9
Let s(m) = m**2 + 9*m + 1. Calculate s(-9).
1
Let d(z) = 5*z + 85. Determine d(-17).
0
Let n(a) = 3*a**2 + a - 2. Determine n(1).
2
Let d(r) = r**2 + r. What is d(0)?
0
Let a(i) = -8*i + 66. What is a(8)?
2
Let h(g) = -g**3 + 4*g**2 - 1. Determine h(4).
-1
Let f(j) = j**2 + 12*j + 11. Calculate f(-8).
-21
Let l(p) = -p**3 - 12*p**2 - 13*p - 15. What is l(-11)?
7
Let y(k) = k**3 + 9*k**2 + 13*k + 5. Give y(-5).
40
Let k(d) = d**3 - 6*d**2 - 6*d - 2. Determine k(7).
5
Let i(m) = -5*m - 20. Determine i(-4).
0
Let n(q) = -q**3 - 9*q**2 - q - 9. Determine n(-9).
0
Let w(g) = g**3 - g**2 - 4*g + 27. Calculate w(6).
183
Let d(t) = -t**2 - 2*t + 2. Calculate d(1).
-1
Let l(q) = 2*q**3 + 14*q**2 - 8*q + 1. What is l(-8)?
-63
Let x(m) = -m**3 - 7*m**2 + 3*m - 9. What is x(-7)?
-30
Let m(j) = -4*j - 33. Determine m(-3).
-21
Let a(b) = -2*b**2 - 44*b - 5. Give a(-22).
-5
Let w(l) = -2*l - 5. What is w(-2)?
-1
Let r(m) = -m**3 + 11*m**2 - 18*m + 10. What is r(9)?
10
Let y(m) = -m**2 + 10*m - 14. Calculate y(10).
-14
Let w(m) = -2*m**2 - 3*m + 23. Give w(-10).
-147
Let o(d) = 3*d**2 + 18*d + 17. Determine o(-5).
2
Let x(m) = m**3 - m**2 - 3*m - 1. What is x(3)?
8
Let t(j) = -20*j. What is t(1)?
-20
Let z(y) = -2*y**2 - 35*y + 18. Determine z(-18).
0
Let o(c) = -c**3 - 7*c**2 - 8*c + 4. Determine o(-5).
-6
Let v(n) = -3*n + 31. Calculate v(9).
4
Let s(u) = -u**3 - 8*u**2 - 4*u + 15. Calculate s(-6).
-33
Let h(o) = 16*o**2 + 9*o + 8. Determine h(-1).
15
Let w(c) = -c**3 - 5*c**2 - 4*c - 1. Give w(-4).
-1
Let v(l) = l**2 - 2*l - 69. Calculate v(6).
-45
Let c(a) = -3*a + 37. Calculate c(12).
1
Let m(o) = -o**3 + 24*o**2 - 22*o + 23. Calculate m(23).
46
Let q(c) = -8*c - 6. Determine q(-4).
26
Let u(n) = n**3 + 5*n**2 - 8*n - 9. Calculate u(-6).
3
Let g(w) = 60*w + 1. Determine g(1).
61
Let c(k) = -k**3 - 6*k**2 + 24*k - 22. Determine c(-9).
5
Let w(g) = g**2 + 48*g - 1. What is w(-48)?
-1
Let j(y) = 5*y**2 - 2*y - 1. What is j(-1)?
6
Let w(u) = u**3 + 4*u**2 + 9*u + 22. Calculate w(-3).
4
Let p(c) = -c**3 + 20*c**2 - 3*c + 46. What is p(20)?
-14
Let g(y) = y**2 + 13*y - 88. Give g(4).
-20
Let g(f) = -2*f**3 - 39*f**2 - 19*f + 12. Calculate g(-19).
12
Let g(y) = -58*y - 166. Give g(-3).
8
Let c(x) = -3*x + 4. Determine c(3).
-5
Let j(m) = -21*m + 978. Give j(46).
12
Let u(f) = f**3 - f**2 - f - 14. What is u(0)?
-14
Let r(n) = n**2 - 17*n - 207. Give r(25).
-7
Let o(t) = -12*t - 178. Determine o(-15).
2
Let a(g) = 6*g**2 - 63*g + 6. What is a(10)?
-24
Let l(x) = x**3 - 10*x**2 - 3*x + 12. What is l(10)?
-18
Let h(y) = -4*y**2 - 21*y - 34. Calculate h(-2).
-8
Let m(v) = 2*v**2 + 16*v + 1. Determine m(-8).
1
Let o(h) = -4*h + 2. Give o(1).
-2
Let d(n) = n**2 + 17*n + 98. Give d(-17).
98
Let v(q) = -4*q**3 + 35*q**2 + 13*q - 3. What is v(9)?
33
Let c(p) = -p**3 - 12*p**2 - 21. What is c(-12)?
-21
Let z(x) = -x**2 - 21*x - 3. Determine z(-21).
-3
Let l(b) = b**2 + 2*b - 4. Calculate l(2).
4
Let i(b) = -2*b**2 + 6*b + 6. What is i(-4)?
-50
Let f(k) = k**2 + 6*k + 3. Calculate f(-8).
19
Let a(k) = k**2 + 23*k - 160. What is a(6)?
14
Let s(h) = -h**3 - 8*h**2 - 10*h - 15. Calculate s(-6).
-27
Let x(m) = -m**2 + 9*m + 10. Give x(11).
-12
Let p(m) = m**2 + 6*m + 20. Determine p(-8).
36
Let j(s) = -16*s - 4. Calculate j(-3).
44
Let a(g) = -g**3 - 18*g**2 - 27*g - 35. What is a(-17)?
135
Let m(y) = y**3 + y - 44. Calculate m(0).
-44
Let x(j) = -36*j - 37. What is x(-1)?
-1
Let c(v) = v**3 - 11*v**2 + v - 1. Determine c(11).
10
Let k(w) = -2*w - 16. Determine k(12).
-40
Let n(m) = -11*m + 295. Calculate n(25).
20
Let a(j) = j**2 + 8*j + 5. Calculate a(-4).
-11
Let w(b) = 36*b + 27. Give w(-2).
-45
Let z(s) = -s**3 - 8*s**2 - 11*s - 5. Calculate z(-7).
23
Let u(i) = -3*i**2 - 29*i + 3. Give u(-10).
-7
Let x(g) = -8*g + 77. What is x(9)?
5
Let o(i) = -i**3 - 30*i**2 - 30*i - 13. Calculate o(-29).
16
Let n(u) = -4*u + 18. Calculate n(11).
-26
Let a(h) = 8*h - 37. What is a(4)?
-5
Let u(k) = -k**3 + 3*k**2 - 2*k - 10. Calculate u(-2).
14
Let o(y) = y**3 + 11*y**2 - 16*y - 48. What is o(-12)?
0
Let z(s) = -s + 6. Give z(4).
2
Let d(z) = 2*z - 18. Give d(11).
4
Let v(z) = -9*z + 64. Determine v(7).
1
Let g(f) = 3*f**2 - 11*f + 26. Give g(2).
16
Let d(m) = -m**2 + 44*m + 298. Determine d(-6).
-2
Let m(w) = w**3 - 13*w**2 + 12*w + 5. Calculate m(12).
5
Let j(y) = -y**2 - 25*y - 47. Calculate j(-24).
-23
Let p(n) = n**2 + 13*n + 9. Determine p(-8).
-31
Let s(g) = -22*g**2 - 306*g + 26. Give s(-14).
-2
Let g(t) = -47*t + 471. Determine g(10).
1
Let u(q) = q**3 - 10*q**2 + 10*q + 8. Give u(8).
-40
Let l(t) = -t**2 + 18*t + 4. What is l(18)?
4
Let f(r) = -r**2 + 5*r + 16. Determine f(11).
-50
Let i(v) = -v**3 + 6*v**2 + 8*v - 53. What is i(6)?
-5
Let n(v) = 2*v**3 - 164*v**2 + 165*v - 253. Determine n(81).
-10
Let q(a) = -a + 7. Give q(6).
1
Let k(w) = -10*w**2 - 24*w - 7. Give k(-2).
1
Let t(a) = a**2 + 11*a + 21. Give t(-7).
-7
Let d(r) = 5*r + 88. What is d(-22)?
-22
Let j(d) = -3*d + 2. Determine j(-2).
8
Let a(u) = -u**3 + 5*u**2 + 6*u + 1. Give a(6).
1
Let r(c) = -4*c**2 + 2*c - 3. Determine r(1).
-5
Let j(t) = t**2 - 11*t - 9. What is j(9)?
-27
Let b(x) = 36*x + 39. Determine b(-7).
-213
Let a(h) = -3*h + 23. Give a(7).
2
Let g(o) = o**2 - 17*o - 40. Calculate g(18).
-22
Let o(a) = 2*a - 19. What is o(13)?
7
Let x(a) = 8*a + 4. Calculate x(5).
44
Let b(k) = -24*k + 50. Calculate b(3).
-22
Let f(v) = v**2 + 23*v + 107. Determine f(-17).
5
Let o(b) = b**2 - b + 3. What is o(3)?
9
Let b(v) = 8*v - 10. Determine b(0).
-10
Let f(t) = -29*t - 1179. Calculate f(-41).
10
Let q(k) = k**3 + 6*k**2 + 7*k - 9. Calculate q(-5).
-19
Let p(i) = 19*i + 1. Determine p(1).
20
Let c(s) = -21*s**2 - s - 1. Determine c(-1).
-21
Let s(v) = -v**3 - 3*v**2 - v + 1. Give s(-3).
4
Let m(b) = 3*b - 1. Calculate m(-7).
-22
Let s(k) = -k**3 + 4*k**2 + 9*k - 9. Calculate s(5).
11
Let h(z) = -5*z - 1. Give h(4).
-21
Let h(k) = k**3 + 15. Determine h(0).
15
Let o(l) = -41*l + 14. Calculate o(-2).
96
Let k(y) = -y**3 + 6*y**2 - 5*y - 2. What is k(5)?
-2
Let c(n) = -n**2 - 13*n + 9. What is c(-10)?
39
Let j(k) = -k**3 - 10*k**2 + 9*k - 30. What is j(-11)?
-8
Let b(x) = -x**3 - 7*x**2 - 5*x - 45. Calculate b(-8).
59
Let z(t) = -13*t**3 + t. Calculate z(1).
-12
Let m(h) = h**2 - 6*h + 2. Give m(7).
9
Let b(n) = -2*n**2 + n + 2. Determine b(4).
-26
Let v(u) = u + 5. Calculate v(-5).
0
Let c(d) = -2*d**3 - 12*d**2 + 18*d + 31. Determine c(-7).
3
Let r(g) = -5*g + 17. Determine r(8).
-23
Let c(g) = -g - 16. Calculate c(-24).
8
Let c(h) = -h**3 + 34*h**2 - 123*h + 86. Calculate c(30).
-4
Let f(z) = -8*z - 4. Give f(1).
-12
Let d(a) = a**3 - a**2 + 11. Calculate d(0).
11
Let n(w) = -w**3 - 1. Calculate n(1).
-2
Let p(h) = h**3 + 18*h**2 + 80*h - 3. Determine p(-10).
-3
Let b(i) = i**2 - 7*i - 10. Calculate b(8).
-2
Let q(j) = j + 15. Calculate q(11).
26
Let t(j) = j**2 + j - 4. Give t(2).
2
Let r(w) = w**3 + 4*w**2 - 6*w + 3. Calculate r(-5).
8
Let t(v) = 2*v**2 + 15*v - 5. Give t(-8).
3
Let f(v) = v**3 + 4*v**2 + 4*v + 2. Give f(-2).
2
Let y(s) = -2*s**2 + 4*s + 3. Give y(-2).
-13
Let b(h) = -h**3 - 21*h**2 - 5*h - 36. Determine b(-21).
69
Let k(f) = -f**3 + 6*f**2 + 17*f + 7. Give k(8).
15
Let g(h) = -3*h**2 + 11*h - 5. What is g(3)?
1
Let r(a) = -a**3 + 14*a**2 - 11*a - 18. What is r(13)?
8
Let z(m) = m**3 - 17*m**2 + 20*m - 6. What is z(16)?
58
Let r(u) = -4*u - 